{"id":614,"date":"2023-04-24T10:03:16","date_gmt":"2023-04-24T08:03:16","guid":{"rendered":"https:\/\/granapoplo.fr\/?page_id=614"},"modified":"2023-04-24T10:04:07","modified_gmt":"2023-04-24T08:04:07","slug":"participer","status":"publish","type":"page","link":"https:\/\/granapoplo.fr\/index.php\/participer\/","title":{"rendered":"Participer"},"content":{"rendered":"\n<p>Vous pouvez participer activement \u00e0 la vie de l&#8217;asso en<br>&#8211; devenant <a href=\"https:\/\/granapoplo.fr\/index.php\/devenir-benevole\/\" data-type=\"page\" data-id=\"310\">b\u00e9n\u00e9vole<\/a><br>&#8211; proposant <a href=\"https:\/\/granapoplo.fr\/index.php\/proposer-un-evenement\/\" data-type=\"page\" data-id=\"169\">un \u00e9v\u00e8nement<\/a><\/p>\n","protected":false},"excerpt":{"rendered":"<p>Vous pouvez participer activement \u00e0 la vie de l&#8217;asso en&#8211; devenant b\u00e9n\u00e9vole&#8211; proposant un \u00e9v\u00e8nement<\/p>\n","protected":false},"author":2,"featured_media":0,"parent":0,"menu_order":0,"comment_status":"closed","ping_status":"closed","template":"","meta":{"_mc_calendar":[],"footnotes":""},"class_list":["post-614","page","type-page","status-publish"],"_links":{"self":[{"href":"https:\/\/granapoplo.fr\/index.php\/wp-json\/wp\/v2\/pages\/614","targetHints":{"allow":["GET"]}}],"collection":[{"href":"https:\/\/granapoplo.fr\/index.php\/wp-json\/wp\/v2\/pages"}],"about":[{"href":"https:\/\/granapoplo.fr\/index.php\/wp-json\/wp\/v2\/types\/page"}],"author":[{"embeddable":true,"href":"https:\/\/granapoplo.fr\/index.php\/wp-json\/wp\/v2\/users\/2"}],"replies":[{"embeddable":true,"href":"https:\/\/granapoplo.fr\/index.php\/wp-json\/wp\/v2\/comments?post=614"}],"version-history":[{"count":1,"href":"https:\/\/granapoplo.fr\/index.php\/wp-json\/wp\/v2\/pages\/614\/revisions"}],"predecessor-version":[{"id":615,"href":"https:\/\/granapoplo.fr\/index.php\/wp-json\/wp\/v2\/pages\/614\/revisions\/615"}],"wp:attachment":[{"href":"https:\/\/granapoplo.fr\/index.php\/wp-json\/wp\/v2\/media?parent=614"}],"curies":[{"name":"wp","href":"https:\/\/api.w.org\/{rel}","templated":true}]}}